alculate the greatest common divisor of 40 and 592.
8
Calculate the highest common factor of 123 and 1927.
41
What is the highest common factor of 19368 and 72?
72
Calculate the greatest common factor of 270 and 80.
10
What is the greatest common divisor of 13 and 559?
13
What is the highest common factor of 10 and 12?
2
Calculate the highest common divisor of 160 and 45.
5
What is the greatest common factor of 21 and 6951?
21
Calculate the greatest common factor of 2257 and 183.
61
What is the highest common divisor of 185 and 296?
37
What is the greatest common divisor of 24 and 3?
3
Calculate the highest common factor of 36 and 9.
9
What is the greatest common factor of 16002 and 42?
42
What is the highest common divisor of 22086 and 27?
27
What is the highest common divisor of 944 and 708?
236
Calculate the greatest common divisor of 245 and 315.
35
What is the highest common divisor of 4 and 100?
4
What is the greatest common factor of 72 and 24?
24
What is the highest common divisor of 80 and 200?
40
What is the highest common factor of 15147 and 17?
17
What is the greatest common divisor of 399 and 21?
21
Calculate the highest common divisor of 576 and 1216.
64
Calculate the highest common factor of 60 and 108.
12
What is the greatest common divisor of 64 and 864?
32
Calculate the highest common divisor of 780 and 637.
13
What is the highest common divisor of 481 and 37?
37
Calculate the highest common factor of 26 and 1066.
26
Calculate the greatest common divisor of 1856 and 160.
32
Calculate the highest common divisor of 387 and 559.
43
What is the highest common divisor of 89 and 27412?
89
Calculate the greatest common factor of 145 and 15.
5
Calculate the highest common factor of 212 and 7738.
106
Calculate the highest common factor of 16 and 172.
4
Calculate the greatest common factor of 258 and 645.
129
Calculate the greatest common factor of 16 and 24.
8
What is the highest common divisor of 54 and 621?
27
Calculate the highest common divisor of 253 and 184.
23
What is the greatest common factor of 1796 and 16?
4
Calculate the greatest common factor of 12463 and 103.
103
What is the highest common divisor of 1820 and 42?
14
Calculate the greatest common divisor of 134 and 67.
67
Calculate the greatest common divisor of 95 and 25.
5
What is the greatest common divisor of 2 and 364?
2
What is the greatest common divisor of 1739 and 37?
37
What is the highest common factor of 62 and 1395?
31
Calculate the highest common divisor of 7 and 4.
1
Calculate the highest common divisor of 16320 and 204.
204
Calculate the greatest common factor of 210 and 7.
7
Calculate the greatest common factor of 24 and 63.
3
Calculate the greatest common divisor of 20 and 384.
4
Calculate the greatest common divisor of 1480 and 40.
40
What is the highest common divisor of 670 and 170?
10
What is the greatest common divisor of 580 and 58?
58
What is the greatest common divisor of 119 and 21?
7
Calculate the greatest common divisor of 1441 and 11.
11
Calculate the highest common factor of 20 and 640.
20
What is the greatest common divisor of 28 and 434?
14
Calculate the highest common factor of 10 and 810.
10
What is the greatest common factor of 46256 and 16?
16
Calculate the highest common divisor of 453 and 3473.
151
What is the highest common divisor of 380 and 16340?
380
Calculate the highest common factor of 243 and 3375.
27
What is the greatest common factor of 4140 and 69?
69
What is the highest common divisor of 1125 and 1665?
45
What is the highest common divisor of 15623 and 17?
17
Calculate the greatest common factor of 3132 and 81.
27
Calculate the greatest common divisor of 44 and 1188.
44
Calculate the greatest common factor of 6 and 498.
6
What is the greatest common factor of 132 and 4404?
12
What is the highest common divisor of 120 and 150?
30
Calculate the greatest common factor of 29 and 1131.
29
What is the highest common factor of 112 and 1022?
14
What is the highest common factor of 80 and 6030?
10
Calculate the highest common divisor of 1078 and 1694.
154
Calculate the highest common factor of 35 and 245.
35
Calculate the greatest common factor of 1139 and 17.
17
Calculate the highest common divisor of 12735 and 45.
45
What is the highest common factor of 22 and 374?
22
Calculate the highest common factor of 4741 and 11.
11
What is the highest common divisor of 1918 and 56?
14
Calculate the greatest common divisor of 27 and 4239.
27
Calculate the greatest common factor of 20 and 75.
5
What is the greatest common factor of 1781 and 169?
13
What is the highest common factor of 16 and 2?
2
What is the greatest common factor of 24 and 1944?
24
What is the highest common divisor of 72 and 1584?
72
What is the highest common factor of 490 and 7?
7
What is the highest common divisor of 213 and 3337?
71
What is the greatest common factor of 1751 and 17?
17
What is the highest common factor of 3010 and 1750?
70
Calculate the highest common factor of 5 and 55.
5
What is the greatest common factor of 3424 and 64?
32
Calculate the greatest common divisor of 180 and 2220.
60
Calculate the greatest common divisor of 72 and 416.
8
Calculate the greatest common factor of 27639 and 37.
37
What is the greatest common divisor of 209 and 19?
19
What is the greatest common factor of 31 and 279?
31
What is the highest common divisor of 2793 and 57?
57
Calculate the highest common divisor of 78 and 91.
13
Calculate the highest common factor of 18 and 603.
9
Calculate the highest common factor of 3692 and 52.
52
What is the highest common factor of 64 and 448?
64
Calculate the greatest common divisor of 9 and 27.
9
Calculate the greatest common divisor of 275 and 220.
55
Calculate the greatest common factor of 8184 and 31.
31
What is the greatest common factor of 27 and 1593?
27
Calculate the greatest common divisor of 106 and 1802.
106
Calculate the greatest common divisor of 49 and 784.
49
Calculate the highest common divisor of 4088 and 168.
56
What is the highest common divisor of 5 and 55?
5
Calculate the greatest common divisor of 33 and 4191.
33
Calculate the greatest common divisor of 12 and 9474.
6
What is the highest common factor of 144 and 126?
18
Calculate the highest common factor of 2088 and 216.
72
Calculate the highest common factor of 12 and 162.
6
Calculate the greatest common divisor of 567 and 441.
63
What is the highest common factor of 7786 and 687?
229
Calculate the highest common divisor of 2052 and 76.
76
Calculate the highest common factor of 96 and 112.
16
What is the highest common factor of 1680 and 105?
105
What is the greatest common divisor of 68 and 13124?
68
What is the highest common divisor of 120 and 96?
24
Calculate the highest common factor of 129 and 215.
43
What is the highest common divisor of 49 and 1?
1
Calculate the greatest common divisor of 15204 and 84.
84
Calculate the greatest common divisor of 635 and 1143.
127
What is the highest common factor of 5824 and 28?
28
What is the greatest common divisor of 6 and 174?
6
Calculate the greatest common divisor of 20 and 2070.
10
Calculate the highest common factor of 32 and 32.
32
Calculate the greatest common factor of 472 and 216.
8
What is the highest common divisor of 315 and 504?
63
Calculate the highest common divisor of 6 and 8934.
6
What is the highest common divisor of 168 and 10164?
84
What is the greatest common factor of 6474 and 78?
78
What is the greatest common factor of 196 and 882?
98
What is the highest common divisor of 107 and 2?
1
Calculate the highest common divisor of 164 and 256.
4
What is the greatest common factor of 28 and 204?
4
What is the greatest common divisor of 73 and 657?
73
What is the highest common factor of 5 and 1415?
5
What is the highest common factor of 7060 and 100?
20
Calculate the highest common factor of 34 and 221.
17
What is the greatest common factor of 805 and 35?
35
What is the greatest common factor of 3556 and 28?
28
What is the greatest common factor of 88 and 1276?
44
Calculate the highest common divisor of 150 and 400.
50
Calculate the greatest common divisor of 16 and 36.
4
Calculate the highest common factor of 3 and 24.
3
Calculate the highest common factor of 72 and 200.
8
What is the highest comm